{"id":15,"date":"2016-07-20T21:24:41","date_gmt":"2016-07-20T19:24:41","guid":{"rendered":"http:\/\/schuetzenkreis23.de\/?page_id=15"},"modified":"2018-09-20T23:52:41","modified_gmt":"2018-09-20T21:52:41","slug":"tradition","status":"publish","type":"page","link":"https:\/\/schuetzenkreis23.de\/?page_id=15","title":{"rendered":"Tradition"},"content":{"rendered":"<pre style=\"text-align: center;\"><span style=\"color: #008000; font-family: helvetica,arial,sans-serif;\"><strong><span style=\"color: #000000;\"><img loading=\"lazy\" decoding=\"async\" class=\" wp-image-975 alignleft\" src=\"http:\/\/schuetzenkreis23.de\/wp-content\/uploads\/2018\/08\/WhatsApp-Image-2018-08-09-at-12.21.31-169x300.jpeg\" alt=\"\" width=\"141\" height=\"251\" srcset=\"https:\/\/schuetzenkreis23.de\/wp-content\/uploads\/2018\/08\/WhatsApp-Image-2018-08-09-at-12.21.31-169x300.jpeg 169w, https:\/\/schuetzenkreis23.de\/wp-content\/uploads\/2018\/08\/WhatsApp-Image-2018-08-09-at-12.21.31-768x1366.jpeg 768w, https:\/\/schuetzenkreis23.de\/wp-content\/uploads\/2018\/08\/WhatsApp-Image-2018-08-09-at-12.21.31-576x1024.jpeg 576w, https:\/\/schuetzenkreis23.de\/wp-content\/uploads\/2018\/08\/WhatsApp-Image-2018-08-09-at-12.21.31.jpeg 899w\" sizes=\"auto, (max-width: 141px) 100vw, 141px\" \/>\r\n\r\n\r\n\r\nDie Kreisk\u00f6nigin des Sch\u00fctzenkreises 2300 \r\n2018 - 2020 Monika Jeske, SV Buer 1769 e.V.<\/span>\r\n\r\n\r\n\r\n\r\n\r\n\u201eTradition ist nicht das Halten der Asche, sondern das weitergeben der Flamme\u201c<\/strong><\/span>\r\n<span style=\"font-size: 8pt;\"><em>Thomas Morus, englischer Staatsmann und Autor<\/em><\/span><\/pre>\n<p style=\"text-align: center;\"><span style=\"font-family: helvetica,arial,sans-serif; font-size: 12pt;\"><strong>Die Bezeichnung <span style=\"color: #008000;\">SCH\u00dcTZE<\/span> kommt von <span style=\"color: #008000;\">SCHUTZ<\/span> !<\/strong><\/span><\/p>\n<pre style=\"text-align: center;\"><span style=\"font-family: helvetica,arial,sans-serif; font-size: 10pt;\">Der Ursprung der Sch\u00fctzenvereine liegt im Mittelalter. Damals entstanden Gilden und Bruderschaften die als eine Art B\u00fcrgerwehr Haus und Hof Schutz boten. \r\nSomit kommt der Begriff <strong><span style=\"color: #000000;\">SCH\u00dcTZE<\/span> von <span style=\"color: #000000;\">SCHUTZ<\/span>!<\/strong><\/span>\r\n\r\n<strong><span style=\"font-family: helvetica,arial,sans-serif; font-size: 12pt;\">Unser <span style=\"color: #3366ff;\">Problem<\/span> ist unser<span style=\"color: #3366ff;\"> Image<\/span>!<\/span><\/strong>\r\n<span style=\"margin: 0px; font-family: helvetica,arial,sans-serif; font-size: 10pt;\"><span style=\"color: #000000;\">In den meisten medialen Berichterstattungen wird h\u00e4ufig sehr einseitig, ohne verantwortungsvolle Recherche von den Sch\u00fctzen berichtet. Das f\u00fchrt dazu, dass die \u00f6ffentliche Wahrnehmung nicht den Tatsachen entspricht.<\/span><\/span><\/pre>\n<pre style=\"text-align: center;\"><span style=\"color: #000000; font-family: helvetica,arial,sans-serif; font-size: 10pt;\">Dem Sch\u00fctzenkreis 2300 ist es ein gro\u00dfes Anliegen, gerade den Menschen, die wenig Ber\u00fchrungspunkte mit dem Schie\u00dfsport und den traditionsreichen Sch\u00fctzenvereinen haben, einen kleinen Einblick in unsere verantwortungsbewusste Vereins- und Jugendarbeit zu bieten.<\/span>\r\n\r\n<span style=\"color: #000000; font-family: helvetica,arial,sans-serif; font-size: 10pt;\">Das WERTE denken ist schon sehr lange im Sch\u00fctzenwesen verankert. In dieser traditionellen Verantwortung findet sich bereits der Ursprung f\u00fcr die Besonderheit \r\nzur WERTEvermittlung in unseren Vereinen.<\/span>\r\n\r\n<span style=\"font-family: helvetica,arial,sans-serif; font-size: 10pt;\"><span style=\"color: #000000;\">Von daher ist es uns ein gro\u00dfes Anliegen, die Kampagne der Westf\u00e4lischen Sch\u00fctzenjugend \u201c<\/span><span style=\"color: #008000;\"><strong>SCH\u00dcTZEN sind WERTvoll<\/strong><\/span><span style=\"color: #000000;\">\u201d zu unterst\u00fctzen!<\/span><\/span>\r\n\r\n<span style=\"color: #000000; font-family: helvetica,arial,sans-serif; font-size: 10pt;\">Hier finden Sie weitere Informationen:\r\n<a href=\"http:\/\/wsb-jugend.de\/schuetzen-sind-wertvoll\/\" target=\"_blank\" rel=\"noopener\"><img loading=\"lazy\" decoding=\"async\" class=\"alignnone size-medium wp-image-449\" src=\"http:\/\/schuetzenkreis23.de\/wp-content\/uploads\/2017\/05\/Logo_blau-300x187.png\" alt=\"logo_blau\" width=\"300\" height=\"187\" srcset=\"https:\/\/schuetzenkreis23.de\/wp-content\/uploads\/2017\/05\/Logo_blau-300x187.png 300w, https:\/\/schuetzenkreis23.de\/wp-content\/uploads\/2017\/05\/Logo_blau-768x478.png 768w, https:\/\/schuetzenkreis23.de\/wp-content\/uploads\/2017\/05\/Logo_blau-1024x638.png 1024w\" sizes=\"auto, (max-width: 300px) 100vw, 300px\" \/>\r\n<\/a><\/span><\/pre>\n<p>&nbsp;<\/p>\n","protected":false},"excerpt":{"rendered":"<p>Die Kreisk\u00f6nigin des Sch\u00fctzenkreises 2300 2018 &#8211; 2020 Monika Jeske, SV Buer 1769 e.V. \u201eTradition ist nicht das Halten der<\/p>\n","protected":false},"author":1,"featured_media":0,"parent":0,"menu_order":0,"comment_status":"closed","ping_status":"closed","template":"","meta":{"footnotes":""},"class_list":["post-15","page","type-page","status-publish","hentry"],"_links":{"self":[{"href":"https:\/\/schuetzenkreis23.de\/index.php?rest_route=\/wp\/v2\/pages\/15","targetHints":{"allow":["GET"]}}],"collection":[{"href":"https:\/\/schuetzenkreis23.de\/index.php?rest_route=\/wp\/v2\/pages"}],"about":[{"href":"https:\/\/schuetzenkreis23.de\/index.php?rest_route=\/wp\/v2\/types\/page"}],"author":[{"embeddable":true,"href":"https:\/\/schuetzenkreis23.de\/index.php?rest_route=\/wp\/v2\/users\/1"}],"replies":[{"embeddable":true,"href":"https:\/\/schuetzenkreis23.de\/index.php?rest_route=%2Fwp%2Fv2%2Fcomments&post=15"}],"version-history":[{"count":12,"href":"https:\/\/schuetzenkreis23.de\/index.php?rest_route=\/wp\/v2\/pages\/15\/revisions"}],"predecessor-version":[{"id":1005,"href":"https:\/\/schuetzenkreis23.de\/index.php?rest_route=\/wp\/v2\/pages\/15\/revisions\/1005"}],"wp:attachment":[{"href":"https:\/\/schuetzenkreis23.de\/index.php?rest_route=%2Fwp%2Fv2%2Fmedia&parent=15"}],"curies":[{"name":"wp","href":"https:\/\/api.w.org\/{rel}","templated":true}]}}